{"id":7,"date":"2021-06-21T13:50:31","date_gmt":"2021-06-21T11:50:31","guid":{"rendered":"http:\/\/projekt.cardamom.at\/LUHNA2\/?page_id=7"},"modified":"2023-10-23T10:57:21","modified_gmt":"2023-10-23T08:57:21","slug":"home","status":"publish","type":"page","link":"http:\/\/projekt.cardamom.at\/LUHNA2\/","title":{"rendered":"Home"},"content":{"rendered":"<!--themify_builder_content-->\n<div id=\"themify_builder_content-7\" data-postid=\"7\" class=\"themify_builder_content themify_builder_content-7 themify_builder tf_clear\">\n    \t<!-- module_row -->\n\t<div  data-lazy=\"1\" class=\"module_row themify_builder_row tb_4wqn512 tb_first tf_clearfix\" >\n\t    \t\t<div class=\"row_inner col_align_top tf_box tf_w tf_rel\">\n\t\t\t<div  data-lazy=\"1\" class=\"module_column tb-column col-full first tb_z2dh513 tf_box\">\n\t    \t    \t        <div class=\"tb-column-inner tf_box tf_w\">\n\t\t    \t<div  data-lazy=\"1\" class=\"module_subrow themify_builder_sub_row tb_xl7o440 hide-tablet hide-tablet_landscape hide-mobile tf_w tf_clearfix\">\n\t    \t\t<div class=\"subrow_inner col_align_top tf_box tf_w\">\n\t\t\t<div  style=\"width: 53.52%\" data-lazy=\"1\" class=\"sub_column module_column tf_box col2-1 first tb_2uk6441\"> \n\t    \t    \t        <div class=\"tb-column-inner tf_box tf_w\">\n\t\t    <!-- module link_block -->\n<div  class=\"module module-link-block tb_g3pd727 solid  tf_textc hover-wow\" data-tf-animation_hover=\"pulse\" data-lazy=\"1\">\n        <a href=\"http:\/\/projekt.cardamom.at\/LUHNA2\/plattform\/\" class=\"tb_link_block_container ui transparent\">\n                            <span class=\"tb_link_block_heading tf_block\">Plattform<\/span>\n                            <span class=\"tb_link_block_blurb tf_block\">Das tun wir<\/span>\n            <\/a>\n<\/div>\n<!-- \/module buttons -->\n\t        <\/div>\n\t    \t<\/div>\n\t\t<div  style=\"width: 43.28%\" data-lazy=\"1\" class=\"sub_column module_column tf_box col2-1 last tb_i4cn442\" > \n\t    \t    \t        <div class=\"tb-column-inner tf_box tf_w\">\n\t\t    <!-- module link_block -->\n<div  class=\"module module-link-block tb_il80231 solid  tf_textc hide-tablet hide-tablet_landscape hide-mobile hover-wow\" data-tf-animation_hover=\"pulse\" data-lazy=\"1\">\n        <a href=\"http:\/\/projekt.cardamom.at\/LUHNA2\/schulen\/\" class=\"tb_link_block_container ui tb_default_color\">\n                            <span class=\"tb_link_block_heading tf_block\">Schulen<\/span>\n                            <span class=\"tb_link_block_blurb tf_block\">Wir sind dabei<\/span>\n            <\/a>\n<\/div>\n<!-- \/module buttons -->\n\t        <\/div>\n\t    \t<\/div>\n\t\t    <\/div>\n\t<\/div><!-- \/themify_builder_sub_row -->\n\t\t        <\/div>\n\t    \t<\/div>\n\t\t    <\/div>\n\t    <!-- \/row_inner -->\n\t<\/div>\n\t<!-- \/module_row -->\n\t\t<!-- module_row -->\n\t<div  data-lazy=\"1\" class=\"module_row themify_builder_row tb_ig7j599 tf_clearfix\">\n\t    \t\t<div class=\"row_inner col_align_top tf_box tf_w tf_rel\">\n\t\t\t<div  data-lazy=\"1\" class=\"module_column tb-column col-full first tb_qhnr600 repeat tf_box\">\n\t    \t    \t        <div class=\"tb-column-inner tf_box tf_w\">\n\t\t    \t<div  data-lazy=\"1\" class=\"module_subrow themify_builder_sub_row tb_ojy4418 tf_w tf_clearfix\">\n\t    \t\t<div class=\"subrow_inner col_align_top tf_box tf_w\">\n\t\t\t<div  data-lazy=\"1\" class=\"sub_column module_column tf_box col-full first tb_1ct1420\"> \n\t    \t    \t        <div class=\"tb-column-inner tf_box tf_w\">\n\t\t    <!-- module link_block -->\n<div  class=\"module module-link-block tb_gqc2337 solid  tf_textc hide-desktop\" data-lazy=\"1\">\n        <a href=\"http:\/\/projekt.cardamom.at\/LUHNA2\/plattform\/\" class=\"tb_link_block_container ui transparent\">\n                            <span class=\"tb_link_block_heading tf_block\">Plattform<\/span>\n                            <span class=\"tb_link_block_blurb tf_block\">Das tun wir<\/span>\n            <\/a>\n<\/div>\n<!-- \/module buttons -->\n\t        <\/div>\n\t    \t<\/div>\n\t\t    <\/div>\n\t<\/div><!-- \/themify_builder_sub_row -->\n\t\t<div  data-lazy=\"1\" class=\"module_subrow themify_builder_sub_row tb_b8v7121 tf_w tf_clearfix\">\n\t    \t\t<div class=\"subrow_inner col_align_top tf_box tf_w\">\n\t\t\t<div  data-lazy=\"1\" class=\"sub_column module_column tf_box col-full first tb_y2t5122\"> \n\t    \t    \t        <div class=\"tb-column-inner tf_box tf_w\">\n\t\t    <!-- module link_block -->\n<div  class=\"module module-link-block tb_6pxs125 solid  tf_textc hide-desktop\" data-lazy=\"1\">\n        <a href=\"http:\/\/projekt.cardamom.at\/LUHNA2\/schulen\/\" class=\"tb_link_block_container ui tb_default_color\">\n                            <span class=\"tb_link_block_heading tf_block\">Schulen<\/span>\n                            <span class=\"tb_link_block_blurb tf_block\">Wir sind dabei<\/span>\n            <\/a>\n<\/div>\n<!-- \/module buttons -->\n\t        <\/div>\n\t    \t<\/div>\n\t\t    <\/div>\n\t<\/div><!-- \/themify_builder_sub_row -->\n\t\t<div  data-lazy=\"1\" class=\"module_subrow themify_builder_sub_row tb_8bt3917 hide-tablet hide-tablet_landscape tf_w tf_clearfix\">\n\t    \t\t<div class=\"subrow_inner col_align_top tf_box tf_w\">\n\t\t\t<div  data-lazy=\"1\" class=\"sub_column module_column tf_box col3-1 first tb_oj4p917\"> \n\t    \t    \t        <div class=\"tb-column-inner tf_box tf_w\">\n\t\t    <!-- module link_block -->\n<div  class=\"module module-link-block tb_d2la663 solid  tf_textc hide-tablet hide-tablet_landscape hide-mobile hover-wow\" data-tf-animation_hover=\"pulse\" data-lazy=\"1\">\n        <a href=\"http:\/\/projekt.cardamom.at\/LUHNA2\/bildungstag-2018\/\" class=\"tb_link_block_container ui tb_default_color\">\n                            <span class=\"tb_link_block_heading tf_block\">Bildungstag<\/span>\n                            <span class=\"tb_link_block_blurb tf_block\">2018<\/span>\n            <\/a>\n<\/div>\n<!-- \/module buttons -->\n\t        <\/div>\n\t    \t<\/div>\n\t\t<div  data-lazy=\"1\" class=\"sub_column module_column tf_box col3-1 middle tb_ar8b917\"> \n\t    \t    \t        <div class=\"tb-column-inner tf_box tf_w\">\n\t\t    <!-- module link_block -->\n<div  class=\"module module-link-block tb_i3g6321 solid  tf_textc hide-tablet hide-tablet_landscape hide-mobile hover-wow\" data-tf-animation_hover=\"pulse\" data-lazy=\"1\">\n        <a href=\"http:\/\/projekt.cardamom.at\/LUHNA2\/termine\" class=\"tb_link_block_container ui tb_default_color\">\n                            <span class=\"tb_link_block_heading tf_block\">Termine<\/span>\n                            <span class=\"tb_link_block_blurb tf_block\">f\u00fcr Interessierte<\/span>\n            <\/a>\n<\/div>\n<!-- \/module buttons -->\n\t        <\/div>\n\t    \t<\/div>\n\t\t<div  data-lazy=\"1\" class=\"sub_column module_column tf_box col3-1 last tb_w1p2917\"> \n\t    \t    \t        <div class=\"tb-column-inner tf_box tf_w\">\n\t\t    <!-- module link_block -->\n<div  class=\"module module-link-block tb_1e55663 solid  tf_textc hide-tablet hide-tablet_landscape hide-mobile hover-wow\" data-tf-animation_hover=\"pulse\" data-lazy=\"1\">\n        <a href=\"http:\/\/projekt.cardamom.at\/LUHNA2\/netzwerk\/\" class=\"tb_link_block_container ui tb_default_color\">\n                            <span class=\"tb_link_block_heading tf_block\">Netzwerk<\/span>\n                            <span class=\"tb_link_block_blurb tf_block\">Wir vernetzen uns<\/span>\n            <\/a>\n<\/div>\n<!-- \/module buttons -->\n\t        <\/div>\n\t    \t<\/div>\n\t\t    <\/div>\n\t<\/div><!-- \/themify_builder_sub_row -->\n\t\t<div  data-lazy=\"1\" class=\"module_subrow themify_builder_sub_row tb_yf17796 hide-desktop hide-mobile tf_w tf_clearfix\">\n\t    \t\t<div class=\"subrow_inner col_align_top tf_box tf_w\">\n\t\t\t<div  data-lazy=\"1\" class=\"sub_column module_column tf_box col2-1 first tb_4rxj796\"> \n\t    \t    \t        <div class=\"tb-column-inner tf_box tf_w\">\n\t\t    <!-- module link_block -->\n<div  class=\"module module-link-block tb_od1w265 solid  tf_textc hide-desktop\" data-lazy=\"1\">\n        <a href=\"http:\/\/projekt.cardamom.at\/LUHNA2\/bildungstag-2018\/\" class=\"tb_link_block_container ui tb_default_color\">\n                            <span class=\"tb_link_block_heading tf_block\">Bildungstag<\/span>\n                            <span class=\"tb_link_block_blurb tf_block\">2018<\/span>\n            <\/a>\n<\/div>\n<!-- \/module buttons -->\n\t        <\/div>\n\t    \t<\/div>\n\t\t<div  data-lazy=\"1\" class=\"sub_column module_column tf_box col2-1 last tb_6356796\"> \n\t    \t    \t        <div class=\"tb-column-inner tf_box tf_w\">\n\t\t    <!-- module link_block -->\n<div  class=\"module module-link-block tb_6rsw65 solid  tf_textc hide-desktop hide-mobile\" data-lazy=\"1\">\n        <a href=\"http:\/\/projekt.cardamom.at\/LUHNA2\/termine\" class=\"tb_link_block_container ui tb_default_color\">\n                            <span class=\"tb_link_block_heading tf_block\">Termine<\/span>\n                            <span class=\"tb_link_block_blurb tf_block\">f\u00fcr Interessierte<\/span>\n            <\/a>\n<\/div>\n<!-- \/module buttons -->\n\t        <\/div>\n\t    \t<\/div>\n\t\t    <\/div>\n\t<\/div><!-- \/themify_builder_sub_row -->\n\t<!-- module link_block -->\n<div  class=\"module module-link-block tb_1gk916 solid  tf_textc hide-desktop\" data-lazy=\"1\">\n        <a href=\"http:\/\/projekt.cardamom.at\/LUHNA2\/netzwerk\/\" class=\"tb_link_block_container ui tb_default_color\">\n                            <span class=\"tb_link_block_heading tf_block\">Netzwerk<\/span>\n                            <span class=\"tb_link_block_blurb tf_block\">Wir vernetzen uns<\/span>\n            <\/a>\n<\/div>\n<!-- \/module buttons -->\n\t        <\/div>\n\t    \t<\/div>\n\t\t    <\/div>\n\t    <!-- \/row_inner -->\n\t<\/div>\n\t<!-- \/module_row -->\n\t<\/div>\n<!--\/themify_builder_content-->","protected":false},"excerpt":{"rendered":"<p>Plattform Das tun wir Schulen Wir sind dabei Plattform Das tun wir Schulen Wir sind dabei Bildungstag 2018 Termine f\u00fcr Interessierte Netzwerk Wir vernetzen uns Bildungstag 2018 Termine f\u00fcr Interessierte Netzwerk Wir vernetzen uns<\/p>\n","protected":false},"author":1,"featured_media":0,"parent":0,"menu_order":0,"comment_status":"closed","ping_status":"closed","template":"","meta":{"footnotes":""},"class_list":["post-7","page","type-page","status-publish","hentry","has-post-title","has-post-date","has-post-category","has-post-tag","has-post-comment","has-post-author",""],"yoast_head":"<!-- This site is optimized with the Yoast SEO plugin v21.6 - https:\/\/yoast.com\/wordpress\/plugins\/seo\/ -->\n<title>Home - Plattform freier und reformp\u00e4dagogischer Schulen<\/title>\n<meta name=\"robots\" content=\"index, follow, max-snippet:-1, max-image-preview:large, max-video-preview:-1\" \/>\n<link rel=\"canonical\" href=\"http:\/\/projekt.cardamom.at\/LUHNA2\/\" \/>\n<meta property=\"og:locale\" content=\"de_DE\" \/>\n<meta property=\"og:type\" content=\"article\" \/>\n<meta property=\"og:title\" content=\"Home - Plattform freier und reformp\u00e4dagogischer Schulen\" \/>\n<meta property=\"og:description\" content=\"Plattform Das tun wir Schulen Wir sind dabei Plattform Das tun wir Schulen Wir sind dabei Bildungstag 2018 Termine f\u00fcr Interessierte Netzwerk Wir vernetzen uns Bildungstag 2018 Termine f\u00fcr Interessierte Netzwerk Wir vernetzen uns\" \/>\n<meta property=\"og:url\" content=\"http:\/\/projekt.cardamom.at\/LUHNA2\/\" \/>\n<meta property=\"og:site_name\" content=\"Plattform freier und reformp\u00e4dagogischer Schulen\" \/>\n<meta property=\"article:modified_time\" content=\"2023-10-23T08:57:21+00:00\" \/>\n<meta name=\"twitter:card\" content=\"summary_large_image\" \/>\n<script type=\"application\/ld+json\" class=\"yoast-schema-graph\">{\"@context\":\"https:\/\/schema.org\",\"@graph\":[{\"@type\":\"WebPage\",\"@id\":\"http:\/\/projekt.cardamom.at\/LUHNA2\/\",\"url\":\"http:\/\/projekt.cardamom.at\/LUHNA2\/\",\"name\":\"Home - Plattform freier und reformp\u00e4dagogischer Schulen\",\"isPartOf\":{\"@id\":\"http:\/\/projekt.cardamom.at\/LUHNA2\/#website\"},\"datePublished\":\"2021-06-21T11:50:31+00:00\",\"dateModified\":\"2023-10-23T08:57:21+00:00\",\"breadcrumb\":{\"@id\":\"http:\/\/projekt.cardamom.at\/LUHNA2\/#breadcrumb\"},\"inLanguage\":\"de\",\"potentialAction\":[{\"@type\":\"ReadAction\",\"target\":[\"http:\/\/projekt.cardamom.at\/LUHNA2\/\"]}]},{\"@type\":\"BreadcrumbList\",\"@id\":\"http:\/\/projekt.cardamom.at\/LUHNA2\/#breadcrumb\",\"itemListElement\":[{\"@type\":\"ListItem\",\"position\":1,\"name\":\"Startseite\",\"item\":\"http:\/\/projekt.cardamom.at\/LUHNA2\/\"},{\"@type\":\"ListItem\",\"position\":2,\"name\":\"Home\"}]},{\"@type\":\"WebSite\",\"@id\":\"http:\/\/projekt.cardamom.at\/LUHNA2\/#website\",\"url\":\"http:\/\/projekt.cardamom.at\/LUHNA2\/\",\"name\":\"Plattform freier und reformp\u00e4dagogischer Schulen\",\"description\":\"Schulen f\u00fcr individuelle F\u00f6rderung und St\u00e4rkung der Pers\u00f6nlichkeit\",\"publisher\":{\"@id\":\"http:\/\/projekt.cardamom.at\/LUHNA2\/#organization\"},\"potentialAction\":[{\"@type\":\"SearchAction\",\"target\":{\"@type\":\"EntryPoint\",\"urlTemplate\":\"http:\/\/projekt.cardamom.at\/LUHNA2\/?s={search_term_string}\"},\"query-input\":\"required name=search_term_string\"}],\"inLanguage\":\"de\"},{\"@type\":\"Organization\",\"@id\":\"http:\/\/projekt.cardamom.at\/LUHNA2\/#organization\",\"name\":\"Plattform freier und reformp\u00e4dagogischer Schulen\",\"url\":\"http:\/\/projekt.cardamom.at\/LUHNA2\/\",\"logo\":{\"@type\":\"ImageObject\",\"inLanguage\":\"de\",\"@id\":\"http:\/\/projekt.cardamom.at\/LUHNA2\/#\/schema\/logo\/image\/\",\"url\":\"http:\/\/projekt.cardamom.at\/LUHNA2\/wp-content\/uploads\/2021\/06\/PlafoFreieSchulen_Logo2021_WEB.png\",\"contentUrl\":\"http:\/\/projekt.cardamom.at\/LUHNA2\/wp-content\/uploads\/2021\/06\/PlafoFreieSchulen_Logo2021_WEB.png\",\"width\":600,\"height\":214,\"caption\":\"Plattform freier und reformp\u00e4dagogischer Schulen\"},\"image\":{\"@id\":\"http:\/\/projekt.cardamom.at\/LUHNA2\/#\/schema\/logo\/image\/\"}}]}<\/script>\n<!-- \/ Yoast SEO plugin. -->","yoast_head_json":{"title":"Home - Plattform freier und reformp\u00e4dagogischer Schulen","robots":{"index":"index","follow":"follow","max-snippet":"max-snippet:-1","max-image-preview":"max-image-preview:large","max-video-preview":"max-video-preview:-1"},"canonical":"http:\/\/projekt.cardamom.at\/LUHNA2\/","og_locale":"de_DE","og_type":"article","og_title":"Home - Plattform freier und reformp\u00e4dagogischer Schulen","og_description":"Plattform Das tun wir Schulen Wir sind dabei Plattform Das tun wir Schulen Wir sind dabei Bildungstag 2018 Termine f\u00fcr Interessierte Netzwerk Wir vernetzen uns Bildungstag 2018 Termine f\u00fcr Interessierte Netzwerk Wir vernetzen uns","og_url":"http:\/\/projekt.cardamom.at\/LUHNA2\/","og_site_name":"Plattform freier und reformp\u00e4dagogischer Schulen","article_modified_time":"2023-10-23T08:57:21+00:00","twitter_card":"summary_large_image","schema":{"@context":"https:\/\/schema.org","@graph":[{"@type":"WebPage","@id":"http:\/\/projekt.cardamom.at\/LUHNA2\/","url":"http:\/\/projekt.cardamom.at\/LUHNA2\/","name":"Home - Plattform freier und reformp\u00e4dagogischer Schulen","isPartOf":{"@id":"http:\/\/projekt.cardamom.at\/LUHNA2\/#website"},"datePublished":"2021-06-21T11:50:31+00:00","dateModified":"2023-10-23T08:57:21+00:00","breadcrumb":{"@id":"http:\/\/projekt.cardamom.at\/LUHNA2\/#breadcrumb"},"inLanguage":"de","potentialAction":[{"@type":"ReadAction","target":["http:\/\/projekt.cardamom.at\/LUHNA2\/"]}]},{"@type":"BreadcrumbList","@id":"http:\/\/projekt.cardamom.at\/LUHNA2\/#breadcrumb","itemListElement":[{"@type":"ListItem","position":1,"name":"Startseite","item":"http:\/\/projekt.cardamom.at\/LUHNA2\/"},{"@type":"ListItem","position":2,"name":"Home"}]},{"@type":"WebSite","@id":"http:\/\/projekt.cardamom.at\/LUHNA2\/#website","url":"http:\/\/projekt.cardamom.at\/LUHNA2\/","name":"Plattform freier und reformp\u00e4dagogischer Schulen","description":"Schulen f\u00fcr individuelle F\u00f6rderung und St\u00e4rkung der Pers\u00f6nlichkeit","publisher":{"@id":"http:\/\/projekt.cardamom.at\/LUHNA2\/#organization"},"potentialAction":[{"@type":"SearchAction","target":{"@type":"EntryPoint","urlTemplate":"http:\/\/projekt.cardamom.at\/LUHNA2\/?s={search_term_string}"},"query-input":"required name=search_term_string"}],"inLanguage":"de"},{"@type":"Organization","@id":"http:\/\/projekt.cardamom.at\/LUHNA2\/#organization","name":"Plattform freier und reformp\u00e4dagogischer Schulen","url":"http:\/\/projekt.cardamom.at\/LUHNA2\/","logo":{"@type":"ImageObject","inLanguage":"de","@id":"http:\/\/projekt.cardamom.at\/LUHNA2\/#\/schema\/logo\/image\/","url":"http:\/\/projekt.cardamom.at\/LUHNA2\/wp-content\/uploads\/2021\/06\/PlafoFreieSchulen_Logo2021_WEB.png","contentUrl":"http:\/\/projekt.cardamom.at\/LUHNA2\/wp-content\/uploads\/2021\/06\/PlafoFreieSchulen_Logo2021_WEB.png","width":600,"height":214,"caption":"Plattform freier und reformp\u00e4dagogischer Schulen"},"image":{"@id":"http:\/\/projekt.cardamom.at\/LUHNA2\/#\/schema\/logo\/image\/"}}]}},"builder_content":"<a href=\"http:\/\/projekt.cardamom.at\/LUHNA2\/plattform\/\"> Plattform Das tun wir <\/a>\n<a href=\"http:\/\/projekt.cardamom.at\/LUHNA2\/schulen\/\"> Schulen Wir sind dabei <\/a>\n<a href=\"http:\/\/projekt.cardamom.at\/LUHNA2\/plattform\/\"> Plattform Das tun wir <\/a>\n<a href=\"http:\/\/projekt.cardamom.at\/LUHNA2\/schulen\/\"> Schulen Wir sind dabei <\/a>\n<a href=\"http:\/\/projekt.cardamom.at\/LUHNA2\/bildungstag-2018\/\"> Bildungstag 2018 <\/a>\n<a href=\"http:\/\/projekt.cardamom.at\/LUHNA2\/termine\"> Termine f\u00fcr Interessierte <\/a>\n<a href=\"http:\/\/projekt.cardamom.at\/LUHNA2\/netzwerk\/\"> Netzwerk Wir vernetzen uns <\/a>\n<a href=\"http:\/\/projekt.cardamom.at\/LUHNA2\/bildungstag-2018\/\"> Bildungstag 2018 <\/a>\n<a href=\"http:\/\/projekt.cardamom.at\/LUHNA2\/termine\"> Termine f\u00fcr Interessierte <\/a>\n<a href=\"http:\/\/projekt.cardamom.at\/LUHNA2\/netzwerk\/\"> Netzwerk Wir vernetzen uns <\/a>","_links":{"self":[{"href":"http:\/\/projekt.cardamom.at\/LUHNA2\/wp-json\/wp\/v2\/pages\/7","targetHints":{"allow":["GET"]}}],"collection":[{"href":"http:\/\/projekt.cardamom.at\/LUHNA2\/wp-json\/wp\/v2\/pages"}],"about":[{"href":"http:\/\/projekt.cardamom.at\/LUHNA2\/wp-json\/wp\/v2\/types\/page"}],"author":[{"embeddable":true,"href":"http:\/\/projekt.cardamom.at\/LUHNA2\/wp-json\/wp\/v2\/users\/1"}],"replies":[{"embeddable":true,"href":"http:\/\/projekt.cardamom.at\/LUHNA2\/wp-json\/wp\/v2\/comments?post=7"}],"version-history":[{"count":0,"href":"http:\/\/projekt.cardamom.at\/LUHNA2\/wp-json\/wp\/v2\/pages\/7\/revisions"}],"wp:attachment":[{"href":"http:\/\/projekt.cardamom.at\/LUHNA2\/wp-json\/wp\/v2\/media?parent=7"}],"curies":[{"name":"wp","href":"https:\/\/api.w.org\/{rel}","templated":true}]}}