{"id":98,"date":"2021-06-24T10:08:34","date_gmt":"2021-06-24T08:08:34","guid":{"rendered":"http:\/\/projekt.cardamom.at\/LUHNA2\/?page_id=98"},"modified":"2023-11-15T12:58:38","modified_gmt":"2023-11-15T11:58:38","slug":"plattform","status":"publish","type":"page","link":"http:\/\/projekt.cardamom.at\/LUHNA2\/plattform\/","title":{"rendered":"Plattform"},"content":{"rendered":"<!--themify_builder_content-->\n<div id=\"themify_builder_content-98\" data-postid=\"98\" class=\"themify_builder_content themify_builder_content-98 themify_builder tf_clear\">\n    \t<!-- module_row -->\n\t<div  data-lazy=\"1\" class=\"module_row themify_builder_row tb_xuwt516 tb_first tf_clearfix\">\n\t    \t\t<div class=\"row_inner col_align_top tf_box tf_w tf_rel\">\n\t\t\t<div  data-lazy=\"1\" class=\"module_column tb-column col-full first tb_ua53516 tf_box\">\n\t    \t    \t        <div class=\"tb-column-inner tf_box tf_w\">\n\t\t    <!-- module image -->\n<div  class=\"module module-image tb_cinu164   image-top tf_mw\" data-lazy=\"1\">\n            <div class=\"image-wrap tf_rel tf_mw\">\n\t\t    <img loading=\"lazy\" decoding=\"async\" width=\"2100\" height=\"526\" src=\"http:\/\/projekt.cardamom.at\/LUHNA2\/wp-content\/uploads\/2021\/06\/PF_unterseiten_plattform.jpg\" class=\"wp-post-image wp-image-150\" title=\"PF_unterseiten_plattform\" alt=\"PF_unterseiten_plattform\" srcset=\"http:\/\/projekt.cardamom.at\/LUHNA2\/wp-content\/uploads\/2021\/06\/PF_unterseiten_plattform.jpg 2100w, http:\/\/projekt.cardamom.at\/LUHNA2\/wp-content\/uploads\/2021\/06\/PF_unterseiten_plattform-300x75.jpg 300w, http:\/\/projekt.cardamom.at\/LUHNA2\/wp-content\/uploads\/2021\/06\/PF_unterseiten_plattform-1024x256.jpg 1024w, http:\/\/projekt.cardamom.at\/LUHNA2\/wp-content\/uploads\/2021\/06\/PF_unterseiten_plattform-768x192.jpg 768w, http:\/\/projekt.cardamom.at\/LUHNA2\/wp-content\/uploads\/2021\/06\/PF_unterseiten_plattform-1536x385.jpg 1536w, http:\/\/projekt.cardamom.at\/LUHNA2\/wp-content\/uploads\/2021\/06\/PF_unterseiten_plattform-2048x513.jpg 2048w\" sizes=\"auto, (max-width: 2100px) 100vw, 2100px\" \/>\t\n\t\t<\/div>\n\t<!-- \/image-wrap -->\n    \n    \n<\/div>\n<!-- \/module image --><!-- module text -->\n<div  class=\"module module-text tb_w58b367   \" data-lazy=\"1\">\n            <div  class=\"tb_text_wrap\">\n    <h1>Plattform<\/h1>    <\/div>\n<\/div>\n<!-- \/module text --><!-- module text -->\n<div  class=\"module module-text tb_901k316   \" data-lazy=\"1\">\n            <div  class=\"tb_text_wrap\">\n    <h2>Was ist die \u201cPlattform Freie und Reformp\u00e4dagogische Schulen Steiermark\u201d?<\/h2>\n<p>Schon l\u00e4nger miteinander vernetzt, haben sich im April 2006 die nicht konfessionellen Privatschulen der Steiermark (Schulen in freier Tr\u00e4gerschaft) zum Verein \u201ePlattform Freie Schulen Steiermark\u201c zusammengeschlossen, um sich der \u00d6ffentlichkeit als gleichberechtigte Alternative zu den Regelschulen vorzustellen. Im Jahr 2022 wurde der Vereinsname auf \u201ePlattform Freie und Reformp\u00e4dagogische Schulen Steiermark&#8220; ge\u00e4ndert. Die Plattform steht f\u00fcr die gemeinsame Vision einer ganzheitlichen Erziehung, individuelle F\u00f6rderung, St\u00e4rkung der Pers\u00f6nlichkeit sowie soziale und \u00f6kologische Zielsetzungen.<\/p>\n<p>Sitz des Vereins: St. Peter Hauptstra\u00dfe 182, A-8042 Graz, <br \/>Obfrau: Iris Goeke<\/p>\n<p>Derzeit werden in den sieben Plattformschulen rund 570 Kinder begleitet.<\/p>\n<p>Wir fordern von der Politik:<\/p>\n<ul>\n<li>eine gesetzlich geregelte Finanzierung unserer Schulen (\u00dcbernahme der Personalkosten \u00e4hnlich den konfessionellen Privatschulen)\u2028<\/li>\n<li>\u00a0faire Bildungschancen f\u00fcr alle Sch\u00fclerInnen und\u2028<\/li>\n<li>die M\u00f6glichkeit zu einer freien Bildungsentscheidung f\u00fcr alle Eltern<\/li>\n<\/ul>\n<h2>Visionen f\u00fcr die Plattform<\/h2>\n<p>Unsere unterschiedlichen Schulen verbindet die Reformp\u00e4dagogik.<br \/>Unsere gemeinsame Vision:<\/p>\n<p>KINDER<\/p>\n<ul>\n<li>gehen gerne in die Schule<\/li>\n<li>wollen lernen<\/li>\n<li>werden ihren F\u00e4higkeiten entsprechend gef\u00f6rdert<\/li>\n<li>entwickeln eine eigene Meinung<\/li>\n<li>werden in ihrem Selbstwert gest\u00e4rkt<\/li>\n<li>haben eine hohe Selbstmotivation<\/li>\n<li>entwickeln Achtsamkeit und Verbundenheit mit der Natur<\/li>\n<li>bewegen sich viel<\/li>\n<li>\u00fcben Lebenspraktisches und Handwerkliches<\/li>\n<li>verinnerlichen soziale F\u00e4higkeiten wie Team-, Kooperations-, Konfliktl\u00f6sungsf\u00e4higkeit, Toleranz, \u2026<\/li>\n<\/ul>\n<p>ELTERN<\/p>\n<ul>\n<li>haben echte Schulwahlm\u00f6glichkeit, unabh\u00e4ngig von finanziellen M\u00f6glichkeiten<\/li>\n<li>sind aktiver Teil der Schule<\/li>\n<li>k\u00f6nnen sich mit den in der Schule gelebten Werten identifizieren<\/li>\n<\/ul>\n<p>P\u00c4DAGOGiNNEN<\/p>\n<ul>\n<li>bringen eigene F\u00e4higkeiten in einer kollegial gef\u00fchrten Schule ein<\/li>\n<li>M\u00f6glichkeit des pers\u00f6nlichen Wachstums<\/li>\n<li>k\u00f6nnen ohne finanzielle Nachteile in Privatschulen arbeiten<\/li>\n<\/ul>\n<p>GESELLSCHAFT und ARBEITSMARKT erhalten<\/p>\n<ul>\n<li>selbst\u00e4ndige, kritisch denkende und offene Jugendliche, die Verantwortung f\u00fcr sich, f\u00fcr die Mitmenschen und f\u00fcr die Umwelt \u00fcbernehmen<\/li>\n<li>vorurteilsfreie Menschen durch Inklusion aller Begabungsstufen und gesellschaftlichen Schichten<\/li>\n<\/ul>\n<p>Als PLATTFORM wollen wir<\/p>\n<ul>\n<li>als Netzwerk f\u00fcr Reformp\u00e4dagogik in der Steiermark st\u00e4rker und gr\u00f6\u00dfer wahrgenommen werden<\/li>\n<li>offen sein f\u00fcr alle Schulen, in denen LehrerInnen reformp\u00e4dagogisch arbeiten<\/li>\n<li>eine klare bildungspolitische und reformp\u00e4dagogische Positionierung beziehen<\/li>\n<li>unsere Kompetenz durch umfangreiche jahrzehntelange Erfahrung sichtbar und nutzbar machen<\/li>\n<li>Servicestelle f\u00fcr Interessierte sein<\/li>\n<li>einen angemessener Kostenersatz f\u00fcr Unterrichtsaufwand durch Bund und Land<\/li>\n<li>Mitarbeit an Gesamtl\u00f6sungen f\u00fcr ein ver\u00e4ndertes \u00f6sterreichisches Schulwesen anbieten<\/li>\n<\/ul>    <\/div>\n<\/div>\n<!-- \/module text --><!-- module buttons -->\n<div  class=\"module module-buttons tb_d058986 buttons-horizontal solid  tf_textc\" data-lazy=\"1\">\n            \t<div class=\"module-buttons-item tf_inline_b\">\n\t    \t\t    <a href=\"http:\/\/projekt.cardamom.at\/LUHNA2\/positionspapier\/\" class=\"ui builder_button tb_default_color\" >\n\t\t\t\t        \t\t<span class=\"tf_inline_b tf_vmiddle\">Positionspapier der Plattform<\/span>\n\t\t    \t\t    \t\t    <\/a>\n\t\t        \t<\/div>\n\t    <\/div>\n<!-- \/module buttons -->\n\t        <\/div>\n\t    \t<\/div>\n\t\t    <\/div>\n\t    <!-- \/row_inner -->\n\t<\/div>\n\t<!-- \/module_row -->\n\t<\/div>\n<!--\/themify_builder_content-->","protected":false},"excerpt":{"rendered":"<p>Plattform Was ist die \u201cPlattform Freie und Reformp\u00e4dagogische Schulen Steiermark\u201d? Schon l\u00e4nger miteinander vernetzt, haben sich im April 2006 die nicht konfessionellen Privatschulen der Steiermark (Schulen in freier Tr\u00e4gerschaft) zum Verein \u201ePlattform Freie Schulen Steiermark\u201c zusammengeschlossen, um sich der \u00d6ffentlichkeit als gleichberechtigte Alternative zu den Regelschulen vorzustellen. Im Jahr 2022 wurde der Vereinsname auf \u201ePlattform [&hellip;]<\/p>\n","protected":false},"author":1,"featured_media":0,"parent":0,"menu_order":0,"comment_status":"closed","ping_status":"closed","template":"","meta":{"footnotes":""},"class_list":["post-98","page","type-page","status-publish","hentry","has-post-title","has-post-date","has-post-category","has-post-tag","has-post-comment","has-post-author",""],"yoast_head":"<!-- This site is optimized with the Yoast SEO plugin v21.6 - https:\/\/yoast.com\/wordpress\/plugins\/seo\/ -->\n<title>Plattform - Plattform freier und reformp\u00e4dagogischer Schulen<\/title>\n<meta name=\"robots\" content=\"index, follow, max-snippet:-1, max-image-preview:large, max-video-preview:-1\" \/>\n<link rel=\"canonical\" href=\"http:\/\/projekt.cardamom.at\/LUHNA2\/plattform\/\" \/>\n<meta property=\"og:locale\" content=\"de_DE\" \/>\n<meta property=\"og:type\" content=\"article\" \/>\n<meta property=\"og:title\" content=\"Plattform - Plattform freier und reformp\u00e4dagogischer Schulen\" \/>\n<meta property=\"og:description\" content=\"Plattform Was ist die \u201cPlattform Freie und Reformp\u00e4dagogische Schulen Steiermark\u201d? Schon l\u00e4nger miteinander vernetzt, haben sich im April 2006 die nicht konfessionellen Privatschulen der Steiermark (Schulen in freier Tr\u00e4gerschaft) zum Verein \u201ePlattform Freie Schulen Steiermark\u201c zusammengeschlossen, um sich der \u00d6ffentlichkeit als gleichberechtigte Alternative zu den Regelschulen vorzustellen. Im Jahr 2022 wurde der Vereinsname auf \u201ePlattform [&hellip;]\" \/>\n<meta property=\"og:url\" content=\"http:\/\/projekt.cardamom.at\/LUHNA2\/plattform\/\" \/>\n<meta property=\"og:site_name\" content=\"Plattform freier und reformp\u00e4dagogischer Schulen\" \/>\n<meta property=\"article:modified_time\" content=\"2023-11-15T11:58:38+00:00\" \/>\n<meta property=\"og:image\" content=\"http:\/\/projekt.cardamom.at\/LUHNA2\/wp-content\/uploads\/2021\/06\/PF_unterseiten_plattform.jpg\" \/>\n<meta name=\"twitter:card\" content=\"summary_large_image\" \/>\n<script type=\"application\/ld+json\" class=\"yoast-schema-graph\">{\"@context\":\"https:\/\/schema.org\",\"@graph\":[{\"@type\":\"WebPage\",\"@id\":\"http:\/\/projekt.cardamom.at\/LUHNA2\/plattform\/\",\"url\":\"http:\/\/projekt.cardamom.at\/LUHNA2\/plattform\/\",\"name\":\"Plattform - Plattform freier und reformp\u00e4dagogischer Schulen\",\"isPartOf\":{\"@id\":\"http:\/\/projekt.cardamom.at\/LUHNA2\/#website\"},\"datePublished\":\"2021-06-24T08:08:34+00:00\",\"dateModified\":\"2023-11-15T11:58:38+00:00\",\"breadcrumb\":{\"@id\":\"http:\/\/projekt.cardamom.at\/LUHNA2\/plattform\/#breadcrumb\"},\"inLanguage\":\"de\",\"potentialAction\":[{\"@type\":\"ReadAction\",\"target\":[\"http:\/\/projekt.cardamom.at\/LUHNA2\/plattform\/\"]}]},{\"@type\":\"BreadcrumbList\",\"@id\":\"http:\/\/projekt.cardamom.at\/LUHNA2\/plattform\/#breadcrumb\",\"itemListElement\":[{\"@type\":\"ListItem\",\"position\":1,\"name\":\"Startseite\",\"item\":\"http:\/\/projekt.cardamom.at\/LUHNA2\/\"},{\"@type\":\"ListItem\",\"position\":2,\"name\":\"Plattform\"}]},{\"@type\":\"WebSite\",\"@id\":\"http:\/\/projekt.cardamom.at\/LUHNA2\/#website\",\"url\":\"http:\/\/projekt.cardamom.at\/LUHNA2\/\",\"name\":\"Plattform freier und reformp\u00e4dagogischer Schulen\",\"description\":\"Schulen f\u00fcr individuelle F\u00f6rderung und St\u00e4rkung der Pers\u00f6nlichkeit\",\"publisher\":{\"@id\":\"http:\/\/projekt.cardamom.at\/LUHNA2\/#organization\"},\"potentialAction\":[{\"@type\":\"SearchAction\",\"target\":{\"@type\":\"EntryPoint\",\"urlTemplate\":\"http:\/\/projekt.cardamom.at\/LUHNA2\/?s={search_term_string}\"},\"query-input\":\"required name=search_term_string\"}],\"inLanguage\":\"de\"},{\"@type\":\"Organization\",\"@id\":\"http:\/\/projekt.cardamom.at\/LUHNA2\/#organization\",\"name\":\"Plattform freier und reformp\u00e4dagogischer Schulen\",\"url\":\"http:\/\/projekt.cardamom.at\/LUHNA2\/\",\"logo\":{\"@type\":\"ImageObject\",\"inLanguage\":\"de\",\"@id\":\"http:\/\/projekt.cardamom.at\/LUHNA2\/#\/schema\/logo\/image\/\",\"url\":\"http:\/\/projekt.cardamom.at\/LUHNA2\/wp-content\/uploads\/2021\/06\/PlafoFreieSchulen_Logo2021_WEB.png\",\"contentUrl\":\"http:\/\/projekt.cardamom.at\/LUHNA2\/wp-content\/uploads\/2021\/06\/PlafoFreieSchulen_Logo2021_WEB.png\",\"width\":600,\"height\":214,\"caption\":\"Plattform freier und reformp\u00e4dagogischer Schulen\"},\"image\":{\"@id\":\"http:\/\/projekt.cardamom.at\/LUHNA2\/#\/schema\/logo\/image\/\"}}]}<\/script>\n<!-- \/ Yoast SEO plugin. -->","yoast_head_json":{"title":"Plattform - Plattform freier und reformp\u00e4dagogischer Schulen","robots":{"index":"index","follow":"follow","max-snippet":"max-snippet:-1","max-image-preview":"max-image-preview:large","max-video-preview":"max-video-preview:-1"},"canonical":"http:\/\/projekt.cardamom.at\/LUHNA2\/plattform\/","og_locale":"de_DE","og_type":"article","og_title":"Plattform - Plattform freier und reformp\u00e4dagogischer Schulen","og_description":"Plattform Was ist die \u201cPlattform Freie und Reformp\u00e4dagogische Schulen Steiermark\u201d? Schon l\u00e4nger miteinander vernetzt, haben sich im April 2006 die nicht konfessionellen Privatschulen der Steiermark (Schulen in freier Tr\u00e4gerschaft) zum Verein \u201ePlattform Freie Schulen Steiermark\u201c zusammengeschlossen, um sich der \u00d6ffentlichkeit als gleichberechtigte Alternative zu den Regelschulen vorzustellen. Im Jahr 2022 wurde der Vereinsname auf \u201ePlattform [&hellip;]","og_url":"http:\/\/projekt.cardamom.at\/LUHNA2\/plattform\/","og_site_name":"Plattform freier und reformp\u00e4dagogischer Schulen","article_modified_time":"2023-11-15T11:58:38+00:00","og_image":[{"url":"http:\/\/projekt.cardamom.at\/LUHNA2\/wp-content\/uploads\/2021\/06\/PF_unterseiten_plattform.jpg"}],"twitter_card":"summary_large_image","schema":{"@context":"https:\/\/schema.org","@graph":[{"@type":"WebPage","@id":"http:\/\/projekt.cardamom.at\/LUHNA2\/plattform\/","url":"http:\/\/projekt.cardamom.at\/LUHNA2\/plattform\/","name":"Plattform - Plattform freier und reformp\u00e4dagogischer Schulen","isPartOf":{"@id":"http:\/\/projekt.cardamom.at\/LUHNA2\/#website"},"datePublished":"2021-06-24T08:08:34+00:00","dateModified":"2023-11-15T11:58:38+00:00","breadcrumb":{"@id":"http:\/\/projekt.cardamom.at\/LUHNA2\/plattform\/#breadcrumb"},"inLanguage":"de","potentialAction":[{"@type":"ReadAction","target":["http:\/\/projekt.cardamom.at\/LUHNA2\/plattform\/"]}]},{"@type":"BreadcrumbList","@id":"http:\/\/projekt.cardamom.at\/LUHNA2\/plattform\/#breadcrumb","itemListElement":[{"@type":"ListItem","position":1,"name":"Startseite","item":"http:\/\/projekt.cardamom.at\/LUHNA2\/"},{"@type":"ListItem","position":2,"name":"Plattform"}]},{"@type":"WebSite","@id":"http:\/\/projekt.cardamom.at\/LUHNA2\/#website","url":"http:\/\/projekt.cardamom.at\/LUHNA2\/","name":"Plattform freier und reformp\u00e4dagogischer Schulen","description":"Schulen f\u00fcr individuelle F\u00f6rderung und St\u00e4rkung der Pers\u00f6nlichkeit","publisher":{"@id":"http:\/\/projekt.cardamom.at\/LUHNA2\/#organization"},"potentialAction":[{"@type":"SearchAction","target":{"@type":"EntryPoint","urlTemplate":"http:\/\/projekt.cardamom.at\/LUHNA2\/?s={search_term_string}"},"query-input":"required name=search_term_string"}],"inLanguage":"de"},{"@type":"Organization","@id":"http:\/\/projekt.cardamom.at\/LUHNA2\/#organization","name":"Plattform freier und reformp\u00e4dagogischer Schulen","url":"http:\/\/projekt.cardamom.at\/LUHNA2\/","logo":{"@type":"ImageObject","inLanguage":"de","@id":"http:\/\/projekt.cardamom.at\/LUHNA2\/#\/schema\/logo\/image\/","url":"http:\/\/projekt.cardamom.at\/LUHNA2\/wp-content\/uploads\/2021\/06\/PlafoFreieSchulen_Logo2021_WEB.png","contentUrl":"http:\/\/projekt.cardamom.at\/LUHNA2\/wp-content\/uploads\/2021\/06\/PlafoFreieSchulen_Logo2021_WEB.png","width":600,"height":214,"caption":"Plattform freier und reformp\u00e4dagogischer Schulen"},"image":{"@id":"http:\/\/projekt.cardamom.at\/LUHNA2\/#\/schema\/logo\/image\/"}}]}},"builder_content":"<img loading=\"lazy\" decoding=\"async\" width=\"2100\" height=\"526\" src=\"http:\/\/projekt.cardamom.at\/LUHNA2\/wp-content\/uploads\/2021\/06\/PF_unterseiten_plattform.jpg\" title=\"PF_unterseiten_plattform\" alt=\"PF_unterseiten_plattform\" srcset=\"http:\/\/projekt.cardamom.at\/LUHNA2\/wp-content\/uploads\/2021\/06\/PF_unterseiten_plattform.jpg 2100w, http:\/\/projekt.cardamom.at\/LUHNA2\/wp-content\/uploads\/2021\/06\/PF_unterseiten_plattform-300x75.jpg 300w, http:\/\/projekt.cardamom.at\/LUHNA2\/wp-content\/uploads\/2021\/06\/PF_unterseiten_plattform-1024x256.jpg 1024w, http:\/\/projekt.cardamom.at\/LUHNA2\/wp-content\/uploads\/2021\/06\/PF_unterseiten_plattform-768x192.jpg 768w, http:\/\/projekt.cardamom.at\/LUHNA2\/wp-content\/uploads\/2021\/06\/PF_unterseiten_plattform-1536x385.jpg 1536w, http:\/\/projekt.cardamom.at\/LUHNA2\/wp-content\/uploads\/2021\/06\/PF_unterseiten_plattform-2048x513.jpg 2048w\" sizes=\"auto, (max-width: 2100px) 100vw, 2100px\" \/>\n<h1>Plattform<\/h1>\n<h2>Was ist die \u201cPlattform Freie und Reformp\u00e4dagogische Schulen Steiermark\u201d?<\/h2> <p>Schon l\u00e4nger miteinander vernetzt, haben sich im April 2006 die nicht konfessionellen Privatschulen der Steiermark (Schulen in freier Tr\u00e4gerschaft) zum Verein \u201ePlattform Freie Schulen Steiermark\u201c zusammengeschlossen, um sich der \u00d6ffentlichkeit als gleichberechtigte Alternative zu den Regelschulen vorzustellen. Im Jahr 2022 wurde der Vereinsname auf \u201ePlattform Freie und Reformp\u00e4dagogische Schulen Steiermark\" ge\u00e4ndert. Die Plattform steht f\u00fcr die gemeinsame Vision einer ganzheitlichen Erziehung, individuelle F\u00f6rderung, St\u00e4rkung der Pers\u00f6nlichkeit sowie soziale und \u00f6kologische Zielsetzungen.<\/p> <p>Sitz des Vereins: St. Peter Hauptstra\u00dfe 182, A-8042 Graz, <br \/>Obfrau: Iris Goeke<\/p> <p>Derzeit werden in den sieben Plattformschulen rund 570 Kinder begleitet.<\/p> <p>Wir fordern von der Politik:<\/p> <ul> <li>eine gesetzlich geregelte Finanzierung unserer Schulen (\u00dcbernahme der Personalkosten \u00e4hnlich den konfessionellen Privatschulen)\u2028<\/li> <li>\u00a0faire Bildungschancen f\u00fcr alle Sch\u00fclerInnen und\u2028<\/li> <li>die M\u00f6glichkeit zu einer freien Bildungsentscheidung f\u00fcr alle Eltern<\/li> <\/ul> <h2>Visionen f\u00fcr die Plattform<\/h2> <p>Unsere unterschiedlichen Schulen verbindet die Reformp\u00e4dagogik.<br \/>Unsere gemeinsame Vision:<\/p> <p>KINDER<\/p> <ul> <li>gehen gerne in die Schule<\/li> <li>wollen lernen<\/li> <li>werden ihren F\u00e4higkeiten entsprechend gef\u00f6rdert<\/li> <li>entwickeln eine eigene Meinung<\/li> <li>werden in ihrem Selbstwert gest\u00e4rkt<\/li> <li>haben eine hohe Selbstmotivation<\/li> <li>entwickeln Achtsamkeit und Verbundenheit mit der Natur<\/li> <li>bewegen sich viel<\/li> <li>\u00fcben Lebenspraktisches und Handwerkliches<\/li> <li>verinnerlichen soziale F\u00e4higkeiten wie Team-, Kooperations-, Konfliktl\u00f6sungsf\u00e4higkeit, Toleranz, \u2026<\/li> <\/ul> <p>ELTERN<\/p> <ul> <li>haben echte Schulwahlm\u00f6glichkeit, unabh\u00e4ngig von finanziellen M\u00f6glichkeiten<\/li> <li>sind aktiver Teil der Schule<\/li> <li>k\u00f6nnen sich mit den in der Schule gelebten Werten identifizieren<\/li> <\/ul> <p>P\u00c4DAGOGiNNEN<\/p> <ul> <li>bringen eigene F\u00e4higkeiten in einer kollegial gef\u00fchrten Schule ein<\/li> <li>M\u00f6glichkeit des pers\u00f6nlichen Wachstums<\/li> <li>k\u00f6nnen ohne finanzielle Nachteile in Privatschulen arbeiten<\/li> <\/ul> <p>GESELLSCHAFT und ARBEITSMARKT erhalten<\/p> <ul> <li>selbst\u00e4ndige, kritisch denkende und offene Jugendliche, die Verantwortung f\u00fcr sich, f\u00fcr die Mitmenschen und f\u00fcr die Umwelt \u00fcbernehmen<\/li> <li>vorurteilsfreie Menschen durch Inklusion aller Begabungsstufen und gesellschaftlichen Schichten<\/li> <\/ul> <p>Als PLATTFORM wollen wir<\/p> <ul> <li>als Netzwerk f\u00fcr Reformp\u00e4dagogik in der Steiermark st\u00e4rker und gr\u00f6\u00dfer wahrgenommen werden<\/li> <li>offen sein f\u00fcr alle Schulen, in denen LehrerInnen reformp\u00e4dagogisch arbeiten<\/li> <li>eine klare bildungspolitische und reformp\u00e4dagogische Positionierung beziehen<\/li> <li>unsere Kompetenz durch umfangreiche jahrzehntelange Erfahrung sichtbar und nutzbar machen<\/li> <li>Servicestelle f\u00fcr Interessierte sein<\/li> <li>einen angemessener Kostenersatz f\u00fcr Unterrichtsaufwand durch Bund und Land<\/li> <li>Mitarbeit an Gesamtl\u00f6sungen f\u00fcr ein ver\u00e4ndertes \u00f6sterreichisches Schulwesen anbieten<\/li> <\/ul>\n<a href=\"http:\/\/projekt.cardamom.at\/LUHNA2\/positionspapier\/\" > Positionspapier der Plattform <\/a>","_links":{"self":[{"href":"http:\/\/projekt.cardamom.at\/LUHNA2\/wp-json\/wp\/v2\/pages\/98","targetHints":{"allow":["GET"]}}],"collection":[{"href":"http:\/\/projekt.cardamom.at\/LUHNA2\/wp-json\/wp\/v2\/pages"}],"about":[{"href":"http:\/\/projekt.cardamom.at\/LUHNA2\/wp-json\/wp\/v2\/types\/page"}],"author":[{"embeddable":true,"href":"http:\/\/projekt.cardamom.at\/LUHNA2\/wp-json\/wp\/v2\/users\/1"}],"replies":[{"embeddable":true,"href":"http:\/\/projekt.cardamom.at\/LUHNA2\/wp-json\/wp\/v2\/comments?post=98"}],"version-history":[{"count":4,"href":"http:\/\/projekt.cardamom.at\/LUHNA2\/wp-json\/wp\/v2\/pages\/98\/revisions"}],"predecessor-version":[{"id":465,"href":"http:\/\/projekt.cardamom.at\/LUHNA2\/wp-json\/wp\/v2\/pages\/98\/revisions\/465"}],"wp:attachment":[{"href":"http:\/\/projekt.cardamom.at\/LUHNA2\/wp-json\/wp\/v2\/media?parent=98"}],"curies":[{"name":"wp","href":"https:\/\/api.w.org\/{rel}","templated":true}]}}